tors of r?
3, 43
Suppose -p + 2 = -0. Let l be (-65)/(-25) + p/5. Suppose 2*k = l*k - 6. What are the prime factors of k?
2, 3
Let g(n) = -n**2 + 9*n + 11. Let b be g(10). List the prime factors of b - -4 - 0/(-4).
5
Let k = -7 - -15. Suppose -d + 21 = -k. List the prime factors of d.
29
Let b be 14/(-21) + (-34)/(-6). Suppose -8*f + 144 = -b*f. What are the prime factors of f?
2, 3
Let n(d) = d**2 + 13*d + 9. Let b be n(-11). Let r(g) = -2*g + 18. List the prime factors of r(b).
2, 11
Suppose 3*f - 97 = x, -3*f = f - 5*x - 111. List the prime factors of f.
2, 17
Let f = 36 + 7. Suppose -5*u + 2*z - 2 = f, 5*u - 4*z = -45. Let v = u - -29. List the prime factors of v.
2, 5
Suppose -5*z + 10*z - 535 = 0. What are the prime factors of z?
107
Suppose 6*d - 754 = 500. What are the prime factors of d?
11, 19
Let r be 6*(-2 - 3/(-2)). Let a(v) = 2*v**2 - 2*v + 4. List the prime factors of a(r).
2, 7
Let h(b) = 2*b**2 + 10*b + 6. Let a be h(-7). Let v be (a/(-2) + -2)*-1. Suppose 2*z - v = -1. What are the prime factors of z?
3
Let w(c) be the third derivative of 0 - 2*c**2 - 1/12*c**6 + 0*c + 0*c**4 + 1/6*c**3 - 1/60*c**5. What are the prime factors of w(-1)?
2, 5
List the prime factors of 316/14 - 3/(-7).
23
Suppose 3*z = 3, 0*x + z = x - 203. List the prime factors of x.
2, 3, 17
Let s = 4 - 4. Suppose s = -5*o + 4*o. Suppose 4*y = -4*c + 8 - 0, -4*y - c + 8 = o. What are the prime factors of y?
2
Let a(q) = q**2 - 11*q + 5. Let z be a(8). Let l(g) = g**2 + 2*g - 5. Let y be l(-7). Let v = y + z. What are the prime factors of v?
11
Let y(m) = -2*m - 5. Let u be y(-6). Suppose z = 3*c - 17 - 12, u = c - z. Let s(b) = 3*b - 12. List the prime factors of s(c).
3, 7
Suppose -5*t + 11 + 0 = -4*p, t = -p + 4. Let d = -9 + p. Let u = -3 - d. What are the prime factors of u?
5
Let w = 2 - -2. Let i(n) = -n**3 + 3*n**2 + 6*n - 5. Let f be i(w). List the prime factors of -11*2/(1 - f).
11
Let s(d) = -29*d + 12*d + 42*d**2 + 18*d. What are the prime factors of s(-1)?
41
Suppose -2*i = 2*i - 36. Let b = 24 - 5. Let r = b - i. What are the prime factors of r?
2, 5
Let q = -11 - -11. Suppose -4*y + 23 + 73 = q. List the prime factors of y.
2, 3
Let x(n) = -8*n + 1. Let i be x(-6). Let h = -34 + i. What are the prime factors of h?
3, 5
Let o(g) = 6*g**2 - 2*g + 1. Let i be o(1). Let k be (i/(-3))/((-3)/9). Suppose 3*d - k = 7. List the prime factors of d.
2
Suppose -4*p + 2*o = -3*p - 56, 244 = 5*p - o. What are the prime factors of p?
2, 3
Suppose 90 = 5*d + 3*o, -3*d + 2*o + 50 = 3*o. What are the prime factors of (0/(-3) - -1)*d?
3, 5
Suppose -4*n + 22 = -6. Suppose 2*h + 0*h - 3 = r, 12 = -4*r + 5*h. Let z = n + r. List the prime factors of z.
2
Let u = 46 + -26. Suppose -x = -b + 2*x + 16, u = 5*b + 5*x. List the prime factors of b.
7
Let z(i) = -i - 9. Let x be z(-9). Let d = x - -2. Suppose d*h - 12 = -2*w - 0*w, -3*h = 5*w - 22. What are the prime factors of h?
2
Suppose -2*p + p = 2. Let o = p - -6. Suppose 0 = k - o*k + 60. List the prime factors of k.
2, 5
Let o = 377 - 244. What are the prime factors of o?
7, 19
Suppose 4*v = 3*z - 0*v + 41, 0 = z + 4*v + 35. Let k = 32 + z. List the prime factors of k.
13
Suppose g = -4*g + 35. Suppose g*j = 2*j - 5*n + 20, 0 = -2*j - 4*n + 2. List the prime factors of j.
7
Suppose 4*x = -2*l + 74, 3*x = 5*x - l - 39. Suppose 3 + x = -j. Let q = 33 + j. What are the prime factors of q?
11
Suppose -5*c + 3*g = -248 + 78, 4*c - 136 = -2*g. What are the prime factors of c?
2, 17
Let c = 80 - 42. What are the prime factors of c?
2, 19
Suppose 5*s + i + 17 = -0, -4 = 2*i. Let f = s - -12. What are the prime factors of f?
3
Suppose 0 = -4*a - 4*w, w - 2 = -2*a - a. Suppose -5*x - 4 = a. What are the prime factors of (-25)/(-2) + x/2?
2, 3
Let n(y) = y**2 + 3*y + 13. Let w(m) = -m**2 - m - 1. Let l(f) = n(f) + 2*w(f). What are the prime factors of l(0)?
11
Let o = 6 + -17. List the prime factors of 1446/33 - 2/o.
2, 11
Suppose -3*w - 2*w = 0. Let t = w + 10. List the prime factors of t.
2, 5
Suppose -3*i + 16 = -i - 4*a, -2*i = -5*a - 14. Let w(v) = 5*v + 7. Let o be w(-2). List the prime factors of ((-10)/o)/(8/i).
5
Let f = -7 - -3. Let c(p) = -p**3 - 4*p**2 + 5. Let o be c(f). Suppose 0 = 4*t - o*t + 11. What are the prime factors of t?
11
Let a(p) = -22*p - 2. Let l be a(-2). Suppose 150 = -3*r - 2*r. Let u = l + r. List the prime factors of u.
2, 3
Let m(k) = -k**2 + k - 1. Suppose 4*u - 4 = t + 2*u, 5*u = t + 19. Let n(v) = -7*v**2 + 12*v - 10. Let y(d) = t*m(d) - n(d). What are the prime factors of y(7)?
11
Let c(i) = 5*i**2 + 1. Let z be (-6)/27 - (-195)/27. Let p = -6 + z. List the prime factors of c(p).
2, 3
Let q(f) = -f**2 - 7*f + 8. Let d be q(-9). Let k = d + 31. Let s = k - 14. What are the prime factors of s?
7
Let k = -12 - -41. What are the prime factors of k?
29
Suppose 3*p = -6*d + 2*d + 36, -d = 5*p - 9. Suppose -5*h = -5*z - 2*h + 59, 3*h = -d. List the prime factors of z.
2, 5
Let b = -2 + 8. Suppose -b*t + 3*t + 45 = 0. What are the prime factors of t?
3, 5
Suppose -312 = -6*z + 72. What are the prime factors of z?
2
Let o be 0 + 1 + 2/2. Suppose -11*r = -4*r - 21. Suppose -7 = -3*c + o*g, -r*c = 8*g - 3*g - 14. What are the prime factors of c?
3
Let b(j) = j**2 - 15. Let m be b(0). Suppose 5 = z + 2*g + 4, z = 4*g - 29. Let c = z - m. List the prime factors of c.
2, 3
Let a be (-1)/4 - (-27)/12. What are the prime factors of (42 - a)/(1 + 0)?
2, 5
Let r(f) = -9*f**3 + f**2 + 2*f + 1. Let c(d) = -d**3 - 2*d**2 - 1. Let h be c(-2). List the prime factors of r(h).
3
Let j(v) = -5*v**3 + v**2 - 1. Let a be j(-1). Suppose 10 = -a*q + 35. Suppose 2*m = -3*s + 23, -s - m = -q*s + 49. What are the prime factors of s?
11
Let y(u) = 4*u - 3. Let n be y(3). What are the prime factors of (0 - (-5)/3)*n?
3, 5
Let w be ((-6)/4)/((-1)/2). Suppose 4*x + 31 = v, -4*x + w*x = 1. Suppose o - s - v = -3*o, -3*s + 17 = 2*o. What are the prime factors of o?
7
Let v(p) = -p**3 + 8*p**2 + 12*p - 20. List the prime factors of v(8).
2, 19
Let t = 690 + -226. List the prime factors of t.
2, 29
Suppose 5*y = 854 - 209. List the prime factors of y.
3, 43
Suppose -3*a = -2*g - 43, 2*a - 3*a + 3*g + 5 = 0. List the prime factors of a.
17
Let m(g) = 3*g - 2. List the prime factors of m(8).
2, 11
Let i(j) = 4*j + 1. Let m be i(1). Suppose -35 = -4*u - 3*l, -5*l = -m*u - 3 + 38. What are the prime factors of u?
2
Let p be (-680)/(-18) - 8/(-36). Suppose p + 82 = 4*v. Suppose 17 = k + 2*n, 0*n - n = -5*k + v. List the prime factors of k.
7
Suppose 2*y - 4*y - 12 = 0. What are the prime factors of ((-3)/y)/(3/66)?
11
Suppose 0 = 3*d + 2*p - 1, 5*p = -3*d - 0 - 2. List the prime factors of -2 - (1 - 16/d).
13
Suppose -9*y + 8*y + b = -128, 0 = -2*b + 8. List the prime factors of y.
2, 3, 11
Let s be 27 + (-2 + -1 - 0). Let g = s - 6. List the prime factors of g.
2, 3
Let q(l) be the first derivative of -l**4/2 + l**3/3 + 7*l**2/2 + 4*l + 6. List the prime factors of q(-3).
2, 23
Let a = 9 - 5. Suppose a*v - 30 = 2*v - 5*f, -v = -3*f + 7. List the prime factors of (0 - -30)*2/v.
2, 3
Let v(f) = f**3 + 8*f**2 + 10. Suppose -2*l + 15 = -7. Let p = l - 19. List the prime factors of v(p).
2, 5
Let z(i) be the third derivative of -i**5/60 + 5*i**4/8 - 13*i**3/6 + 10*i**2. List the prime factors of z(13).
13
Suppose -165 = -5*b - 4*l + l, -5*b + 165 = -2*l. What are the prime factors of b?
3, 11
Let h(z) be the second derivative of z**3 - 9*z**2/2 + 4*z. What are the prime factors of h(6)?
3
Let t(r) = -r**2 + 22*r + 12. List the prime factors of t(18).
2, 3, 7
Suppose 56 = 2*o - c, 4*c - 166 = -7*o + 2*o. Suppose 4*j + 10 = o. What are the prime factors of j?
5
Suppose -i = 7 + 14. Let c = i + 34. What are the prime factors of c?
13
Let p(q) = q**2 + 14*q + 15. Let j be p(-13). Let x be 4 + 0/(6/(-3)). Suppose 2*k - 42 = -j*v, -x*k = 3*v - 2*k - 63. What are the prime factors of v?
3, 7
Let w(f) = f**3 - 5*f**2 + 9*f - 9. Let s be w(6). Let z = s - 57. Let m = z - 17. What are the prime factors of m?
7
Let m(v) = v**2 + 6*v - 15. List the prime factors of m(9).
2, 3, 5
Let m = 8 - 44. Let f = m - -52. List the prime factors of f.
2
Let x = 12 + -1. Suppose 2*a - x - 19 = 0. List the prime factors of a.
3, 5
Suppose 2*g - 1 = 3*i + 8, -